-37*i - 38931. What is the tens digit of i?
9
Let j = -178 + 405. Suppose 3*h - 731 = -j. What is the hundreds digit of h?
1
Let d(s) = 259*s**3 - s**2 + s. Let i(f) = f - 2. Let h be i(3). Let j be d(h). Suppose -6*m = m - j. What is the units digit of m?
7
Let m(l) = l**2 + 17*l + 23. Let r be m(-16). Let u(b) = b**3 - 7*b**2 + b - 4. Let y be u(r). Suppose 4*w - 89 = y*w. What is the tens digit of w?
8
Suppose 3*f = 3, f + 0 = 2*t - 11. Suppose -7*n = -t*n - 26. Suppose x = 107 + n. What is the units digit of x?
3
Suppose 0 = 2*o + 4*s - 11866, 5919 = -5*o + 6*o - 5*s. What is the hundreds digit of o?
9
Let w = 32432 + 6834. What is the thousands digit of w?
9
Suppose x = -3*y + 21, -4*x - 2*y + 50 + 4 = 0. Let d be 5/2*x/10. What is the units digit of 1611/18 - d/(-2)?
1
Let i(s) = -s**2 - 20*s + 9. Let q be i(-28). Let n = 433 + q. What is the hundreds digit of n?
2
What is the ten thousands digit of 10183 + (22 - 88/8)?
1
Suppose 569*q = -3*n + 572*q + 76998, 5*q = -3*n + 76950. What is the ten thousands digit of n?
2
Let u(f) = -7 + 1 + f**2 - 4*f + 0 - 3. What is the units digit of u(-10)?
1
Let u = 9598 + -6820. What is the units digit of u?
8
Let b be ((-60)/(-5) - 2) + 2. Suppose 0 = 2*p - 8 - b. What is the units digit of p/25*(3 + 202)?
2
Let y = 65 + -62. Suppose -y*h = -a + 6*a - 2292, 5*a = -5*h + 3830. What is the hundreds digit of h?
7
Let h = -28 - -36. Suppose 3*s + 2*y + y = -69, 5*y = -2*s - 34. Let i = h - s. What is the tens digit of i?
3
Let w(c) = 348*c**2 + 355*c + 4833. What is the units digit of w(-14)?
1
Suppose -41*g + 43*g - 3*n - 63178 = 0, 2*g = 5*n + 63190. What is the tens digit of g?
8
Let k be (1/(2 + -1))/(1/(-8)). Let z be (-2 - -3) + -4 - k. Suppose -2*x + z*x - 66 = 0. What is the tens digit of x?
2
Suppose -403 = 5*k + 107. What is the hundreds digit of ((-68)/k)/(1958/(-1962) + 1)?
3
Suppose 48*y = -41*y + 21*y + 391884. What is the thousands digit of y?
5
Suppose 3*g = u - 34, -63 + 17 = 5*g + u. Let t be (12/g)/((-45)/1050). Suppose 3*k - 25 = -2*b, -2*b - t = -3*k - b. What is the units digit of k?
9
Let p = 6867 + 6645. What is the hundreds digit of p?
5
Suppose 4*q - 210963 = 3*k, -4*q + 5*k + 52745 = -3*q. What is the tens digit of q?
4
Suppose -4*x - j + 5702 = 0, x - 97*j - 1417 = -93*j. Let m = x + 284. What is the thousands digit of m?
1
Let z be 0 - 4 - -2 - -2. Let h be (57 - (-100)/10) + 11. Suppose -2*o + z*o + h = 0. What is the tens digit of o?
3
Let j(y) = -44*y. Let h(m) be the first derivative of -572*m**2 - 26. Let c(i) = 3*h(i) - 77*j(i). What is the tens digit of c(-4)?
7
Suppose 47*x - 48*x = -8, 0 = r - 5*x - 44670. What is the ten thousands digit of r?
4
Let k(a) = 4*a**2 + 31*a - 16. Let n be k(-9). Suppose -n*r = -26*r - 21. What is the units digit of r?
7
What is the tens digit of -5*(-36)/270 + (-80390)/(-6) + 2?
0
Let d = 74733 - 49898. What is the tens digit of d?
3
Let a = 9615 + -5864. Suppose 15*r - a = 2654. What is the units digit of r?
7
Let q be 3*(-25)/30*8/(-10). Let p(b) = -b**3 + 2*b**2 + 3*b - 3. Let c be p(q). Suppose -177 = c*u - 4*u. What is the tens digit of u?
7
Let f(p) = 94604*p**2 + 165*p - 166. What is the units digit of f(1)?
3
Suppose -15*i = -48*i - 73*i + 1302316. What is the ten thousands digit of i?
1
Suppose 0*s = o + 4*s + 22, -4*s - 24 = 2*o. What is the units digit of (5/o - -1)/(10/(-1540))?
1
Let q(i) = i**3 - i**2 + 3*i + 2. Suppose -2 = p - 4*w - 0, 5*p = -3*w + 13. Let s be q(p). What is the tens digit of (27/s - 3) + (-561)/(-12)?
4
Suppose 130 = -5*v + 2*m, -9*m + 14*m + 165 = -5*v. Let n = 774 - v. What is the tens digit of n?
0
Let j(k) = k**2 + 9. Let p(t) = t + 30 - 5*t + 11*t - 4*t. Let q be p(-12). What is the units digit of j(q)?
5
Let n(d) = 13*d**3 + 27*d + 3. What is the tens digit of n(6)?
7
What is the tens digit of ((-1020)/90)/((-8636)/8628 + 1)?
2
Let r be (-36)/(-14)*((-40)/6 + 2). Let v be 6/(-9) - (512/r + 0). Suppose 0 = -3*w + 4*d + 47, 2*d + 13 + v = 3*w. What is the units digit of w?
1
Suppose d + 44 = -0*d - 4*h, 0 = -2*d + 5*h - 23. Let j be 118 + (d/(-30))/((-2)/(-5)). Let k = 6 + j. What is the tens digit of k?
2
Let j(p) = -17*p**2 - 10*p - 41. Let h(x) = 9*x**2 + 5*x + 20. Let g(l) = -5*h(l) - 3*j(l). What is the tens digit of g(-5)?
4
Let c = -35407 + 67660. What is the ten thousands digit of c?
3
Let y(w) be the third derivative of 0*w**3 + 1/12*w**4 + 0 + 4*w**2 - 1/120*w**6 + 0*w + 7/60*w**5. What is the units digit of y(7)?
4
Let w(t) = -5*t**2 + 2. Let g be w(-1). What is the units digit of (((-420)/9)/(-4))/(g/(-45))?
5
Let k(w) = -4*w**3 - 13*w**2 + 13*w + 19. Suppose -2*m - 2 = -3*m - 2*x, -3*x - 12 = 4*m. What is the units digit of k(m)?
7
Suppose -v - 34 = -37. Suppose 3*t + 14 = 2, -4*t - 1 = -v*n. What is the units digit of -4 - (3 - (n + 159))?
7
Let g(h) = 132*h**2 + 39*h - 279. What is the hundreds digit of g(-16)?
8
Let o(m) = -54*m - 48*m - 80 + 72*m + 10. What is the hundreds digit of o(-6)?
1
Suppose -2379 - 3801 = -12*f. Suppose -f = -9*c + 10159. What is the tens digit of c?
8
Let i be (24/(-20))/((-6)/(-38700)*-3). Suppose 5*r = 5*g + i, 2*g - 1038 = -2*r + g. What is the hundreds digit of r?
5
Suppose 0 = 2*y - 3*w - 25029, 5*y - 51*w - 62601 = -53*w. What is the ten thousands digit of y?
1
Suppose 2*h - 5873 - 57774 = -5*w, -5*h + 159135 = -5*w. What is the units digit of h?
6
Suppose 25*s + 30013 + 8087 = 0. Let o = -818 - s. What is the tens digit of o?
0
Let b(v) = -v**2 - 13*v - 22. Let a be b(-11). Suppose 2*n - g + 5*g = 1098, a = -4*g. What is the tens digit of n?
4
Let g = 2307 + -1270. Let i = -577 + g. What is the tens digit of i?
6
Let v be (2/4)/((-153)/(-38) - 4). Let g = v - 16. Suppose g*r - 45 = -0*d - d, -4*d + 5*r = -197. What is the tens digit of d?
4
Let z = 21164 + 32558. What is the hundreds digit of z?
7
Suppose -70*l = -155*l + 3022005. What is the thousands digit of l?
5
Suppose -12 = 2*h - 4*h - 2*i, 5*h - 4*i = 3. Let k(f) = 20*f. Let j be k(h). Suppose -c - 11 = -j. What is the tens digit of c?
4
Let y(x) = -x**3 - 7*x**2 - 9. Let i be y(-7). Let w(q) = q + 14. Let b be w(i). Suppose -b*z + 149 = -326. What is the tens digit of z?
9
Let r(k) = -2*k**3 - 35*k**2 - 29*k + 13. What is the tens digit of r(-18)?
5
Let q(j) be the second derivative of -j**3/6 + 5*j**2 - j. Let b be q(8). Suppose m + b - 70 = -3*u, -5*u + 380 = 5*m. What is the tens digit of m?
8
Let c = 16821 - 9109. What is the tens digit of c?
1
Suppose f - 2*m + 100 = -4*f, 4*f = 2*m - 80. Let c(i) = -12*i + 33. What is the tens digit of c(f)?
7
Let w be (549/(-244))/(3/8). Let d(t) = 25*t**2 - 2*t - 20. What is the hundreds digit of d(w)?
8
Suppose 5*x = p + 298 + 105, 4*p + 2*x + 1546 = 0. Let u = p + 1658. What is the hundreds digit of u?
2
Let f be 91*(-1)/((-28)/2956). Suppose -f = 48*w - 61*w. What is the units digit of w?
9
Suppose r - 3*t + 11 = 0, 11*t = 3*r + 6*t + 13. Let f(l) = 5*l**3 - 20*l + 1. What is the tens digit of f(r)?
4
Let o(w) = 6*w + 118. Let j(i) = 18*i + 5. Let m be j(1). What is the hundreds digit of o(m)?
2
Let u be 4*(4 + 15/(-6) + -2). Let i be -22*34/(-5) - u/5. Suppose -5*l = -4*l - i. What is the hundreds digit of l?
1
Suppose -46*i = -44*i - 88. Let s = 309 - 155. Let k = s - i. What is the units digit of k?
0
Let m(y) = 9*y + 1. Let h(r) = 27*r + 3. Suppose -3*u - 39 = 3*p, 53 = -5*p - 0*u + u. Let w(d) = p*m(d) + 4*h(d). What is the units digit of w(2)?
9
Let p(g) be the third derivative of 0 + 1/60*g**5 + 18*g**2 + 0*g - 5/2*g**3 - 1/8*g**4. What is the units digit of p(8)?
5
What is the thousands digit of ((-5)/4)/((-9)/(-2549376)*-8)?
4
Suppose -13*w + 28*w = 299325. What is the tens digit of w?
5
What is the tens digit of (594490/(-204))/(3/(-18))?
8
Suppose -4*q + 4434 = 38. Let b = 3 + q. What is the tens digit of b?
0
Let a(n) = 5*n - 68. Let m be a(17). Let h = 117 + m. What is the tens digit of h?
3
Suppose 41*y - 3660 = 11*y. Suppose y*h - 5054 = 115*h. What is the tens digit of h?
2
Let t be 0 - -1 - (-2 - -3 - 3). Suppose -2*k = -11 + t. Suppose -560 = -k*w + 424. What is the tens digit of w?
4
Let o = 321 - 312. Suppose -o*h + 299 = -4084. What is the tens digit of h?
8
Let m(s) = s - 10. Let i be ((-9)/(-27))/((-2)/(-6))*3. Let b be m